36 = 3*r, 12 = -3*c. Suppose 0 = -8*a + r*a + 60. What is the remainder when 38 is divided by a?
18
Suppose -7*x = 1330 + 35. Let l = -130 - x. Calculate the remainder when l is divided by 17.
14
Let v = 210 - 302. Calculate the remainder when 7 is divided by (-4)/14 + (0 - v/28).
1
Calculate the remainder when (-2 + (-35)/(-4))*648/162 is divided by 2/5 + 144/15.
7
Let c = 350 - 330. Let s(z) = -10*z**3 - 2*z**2. What is the remainder when c is divided by s(-1)?
4
Let k be 148/(-12) - 8/12. Let p be (-21)/2 + (-1)/(-2). Let m = p - k. Calculate the remainder when 4 is divided by m.
1
Let k = 137 - -22. Suppose -4*s + s + k = 0. Suppose 0 = -12*b + 16*b - 56. Calculate the remainder when s is divided by b.
11
Let i = -2 - -4. Suppose c = 4*d - 26, i*d = -0*d + 2*c + 16. Suppose 5*l + 3*u = 4, 5 = -3*l + 2*u + 15. What is the remainder when d is divided by l?
0
Let q = -13 + 5. Calculate the remainder when 33 is divided by (-3 + (-92)/q)*2.
16
Suppose 2*i = 24 + 12. Calculate the remainder when 197 is divided by i.
17
Suppose 0 = 4*i - 0*p + p - 300, -2*i + 2*p + 140 = 0. Suppose -y - m + 36 = 0, 4*y + 5*m = 2*m + 146. What is the remainder when i is divided by y?
36
Suppose -4*w = -6*w + 1084. What is the remainder when 12/(-72) + w/12 is divided by 16?
13
Let u(p) = -2*p - 7*p - 42*p - 56*p. Calculate the remainder when u(-1) is divided by 18.
17
Let k be 4/(-6) + 150/(-18). Let x(w) = 13 + 6*w - 5*w + 8*w + w**2. What is the remainder when 25 is divided by x(k)?
12
Let q(i) = -10*i - 34. Let d be q(-13). Suppose -2 = 2*y, -2*a + 0*y = 2*y - d. Calculate the remainder when a is divided by 17.
15
Suppose -39*l + 1566 = -10*l. Calculate the remainder when 539 is divided by l.
53
Let n(x) = 3*x + x**2 - 3*x + 2*x + 9. Suppose -33 = 3*j - 3*c, 3*j + 2*j - 2*c + 43 = 0. Calculate the remainder when n(j) is divided by 15.
14
Suppose 52*q = 7*q + 270. Suppose -4*c = -b - 51, -12 - 5 = -3*c + 5*b. What is the remainder when c is divided by q?
2
What is the remainder when 95 is divided by 3/((-5)/(-18) + 14/63)?
5
Let v(q) = q**2 + 19*q + 17. Let h be v(-18). Let w be (3 - h) + (2 - 1). Suppose w*j = -0*j + 70. Calculate the remainder when 25 is divided by j.
11
Suppose -4*p + 50 = -5*r, p + p + 3*r - 36 = 0. What is the remainder when (7 - 4) + -1 + (-1 - -18) is divided by p*((-16)/6 + 3)?
4
Suppose -4*z + 5*z + 5*b = 66, 2*b = -2*z + 172. Calculate the remainder when z is divided by 48.
43
Suppose 144 = 5*n - 1. What is the remainder when 79 is divided by n?
21
Suppose 2*q + 18 = 4*w - 84, -5*q = -2*w + 39. Let l = -47 + 43. Calculate the remainder when w is divided by (14/(-4))/((l - 2)/12).
6
Let s = -697 + 727. What is the remainder when 266 is divided by s?
26
Suppose 5*v + 21 = 26. What is the remainder when (-88)/(-2) + -1 + v is divided by (-32)/6*(-18)/4?
20
Suppose 2*l = 57*f - 54*f - 594, 0 = l - 3. Calculate the remainder when f is divided by 30.
20
Suppose 3*q = 7*q + 5*d - 25, 0 = 4*q - 2*d + 10. Suppose -2*v - 678 = -2*c - 126, q = -3*c - v + 832. Calculate the remainder when c is divided by 35.
32
Calculate the remainder when (1/(-10) + 1348/(-120))*-6 is divided by 42.
26
Let i(w) be the second derivative of -w**5/20 - w**4/6 + w**3/3 + 3*w**2/2 - 9*w. Calculate the remainder when (-20)/6*(-2 + -1) is divided by i(-3).
4
What is the remainder when (5 + 0)/1*504/84 is divided by 20?
10
Let p = -242 - -74. What is the remainder when 882/14 - (3 + 0) is divided by (p/(-16))/(1/2)?
18
Let c(z) = -5*z + 3. Let x(y) = y**2 - 26*y - 17. Let t be x(11). Let w = 251 + t. What is the remainder when w is divided by c(-3)?
15
Suppose 4*x - 120 = 2*x. Calculate the remainder when x is divided by 6/4*(0 + (-310)/(-15)).
29
Let g(c) = 21*c - 170. Calculate the remainder when 425 is divided by g(11).
59
Let o be (4/(-3))/((-1)/18). Let g = 67 - o. Calculate the remainder when g is divided by 23.
20
Let d(x) = -x**3 - 3*x**2 + 7*x + 12. Let o be d(-4). Suppose o = 5*j + 25, 93 = 3*n + 5*j - 128. Calculate the remainder when n is divided by 42.
40
Let b(k) = 8*k - 6*k + 0*k + 23 - k**2. What is the remainder when b(0) is divided by 6?
5
Let u be (-1)/((-15)/(-6) - 3). Suppose 4*z = 6*d - 4*d + 16, u*d = 3*z - 12. Calculate the remainder when 103 - ((-6 - -2) + z) is divided by 26.
25
Let z(s) = -s**3 + s**2 + 3*s - 1. What is the remainder when 27 is divided by z(-2)?
2
Let v(n) = n**3 + 7*n**2 + 10*n + 6. Let g = -6 - 0. Let z be v(g). Let w = -7 - z. What is the remainder when 20 is divided by w?
9
Suppose -58 - 68 = -3*k. Suppose 4*y - 90 = k. Calculate the remainder when 20 is divided by y/(-18)*(-6 + 0).
9
Let h = -601 - -624. What is the remainder when 89 is divided by h?
20
Let y = -23 + 41. Suppose y*l = 22*l - 20. What is the remainder when 14 is divided by l?
4
Let b be (-1)/(((-3)/105)/(-1)). Let d be 2933/b + 2/(-10). What is the remainder when 32 is divided by d/(-5) + (-6)/(-30)?
15
Let f(x) = x**2 - 11*x + 15. Let h be (((-4)/6)/2)/((-5)/165). Calculate the remainder when 29 is divided by f(h).
14
Suppose 0 = -f - 33 + 109. Let j(c) = c**3 - 33*c**2 + c - 13. What is the remainder when f is divided by j(33)?
16
Suppose -7*b - 3*b = 7*b. Suppose -o + 0*i + 88 = -i, -o + 5*i + 104 = b. What is the remainder when o is divided by 29?
26
Let o = 199 + -161. What is the remainder when o is divided by 21?
17
Let d = 5 - -17. Let k(o) = -4*o. Let h(n) = -11*n + 1. Let m(a) = -4*h(a) + 10*k(a). What is the remainder when d is divided by m(4)?
10
Suppose -o + 4*a + 22 + 42 = 0, 0 = 2*o - 5*a - 119. Calculate the remainder when 189 is divided by o.
33
Suppose 330 = 12*z + 10*z. What is the remainder when 42 is divided by z?
12
Suppose -5*g + 5 = 0, 2*g - 223 = -2*r + r. Calculate the remainder when r is divided by 28.
25
Suppose u - 3 + 1 = 0. Let a = -133 - -134. Calculate the remainder when u is divided by a.
0
Let b(n) = 20*n**2 + 8*n + 6. Calculate the remainder when b(-3) is divided by 15.
12
Let d = 452 - 341. Calculate the remainder when d is divided by 41.
29
Let t = 36 - 16. Calculate the remainder when 75*(32/t)/4 is divided by 16.
14
Let m = -36 + 122. Let i = 3 - -2. Suppose 4*z - 84 = 4*p, i*z - p - 2*p = 107. Calculate the remainder when m is divided by z.
20
Suppose -5*y - 6*z = -z - 55, 16 = -4*z. Calculate the remainder when 35 is divided by y.
5
Let p(w) = -w**2 + 27*w - 155. Calculate the remainder when 33 is divided by p(12).
8
Suppose -u - 5*v + 27 = 0, 0 = 4*v - 9 - 11. Suppose 3*y - 3 = 0, 2*c - u*y - 27 = -5. Let i = c - -12. What is the remainder when i is divided by 13?
11
Let r = 221 - 178. Calculate the remainder when 300 is divided by r.
42
Suppose 0 = -3*t + 403 + 728. Suppose -5*k + t = -3*p, 5*k = p + p + 373. What is the remainder when k is divided by 23?
4
Let k be ((-15)/6 + 0)*(3 + -5). Suppose -3*t = -4*q + 199, -q - k*t = -2*t - 46. Calculate the remainder when q is divided by 18.
13
Suppose 4*i - 3*b = -b + 2, 0 = -2*i - 4*b + 16. Suppose 0 = 3*o - 2*u - 24, -4*o + i*u + 31 = -1. What is the remainder when 22 is divided by o?
6
Calculate the remainder when 156 is divided by (240/(-18))/((-20)/30).
16
Suppose -5 = -4*p + 11. Let k(d) = -13*d**3 + 5*d**2 + 2*d - 2. Calculate the remainder when k(-1) is divided by p.
2
Suppose 8*z = 3*z. Suppose z = -5*n + 58 + 27. Let s = 26 - n. Calculate the remainder when 43 is divided by s.
7
Let d(b) = -b**3 + b**2 + 3*b + 6. Let t be d(-4). Suppose -11*q = -9*q - t. Calculate the remainder when 108 is divided by q.
34
Let n = 3 + -1. Let m be (n/(-8))/((-7)/308). Suppose -13*t + 10 = -m*t. Calculate the remainder when 14 is divided by t.
4
Let i = -25 + 55. What is the remainder when i is divided by 11?
8
Let w = 2659 - 2646. Calculate the remainder when -2*(-18 + (1 - 2)) is divided by w.
12
Calculate the remainder when 106 is divided by (7/4 + 2)*(-240)/(-90).
6
Suppose -732*d + 728*d + 592 = 0. What is the remainder when d is divided by 5?
3
Let c = 13 - 11. What is the remainder when 8*((-8)/32 + 2) is divided by c?
0
Suppose m = -2*j + 11, 37*m = 33*m + 5*j - 8. Suppose 0 = 5*n + 2*w - 15, 4*n + 3*w - 40 = 7*w. What is the remainder when n is divided by m?
2
Suppose 5*g - 75 + 625 = 0. Let a(h) = -h**3 - 2*h**2 + h. What is the remainder when (1 + 1 - g) + -2 i